2*y - 1. Suppose -6 = 26*p - 22*p + 2*i, 0 = 5*p + i. Determine t(p).
21
Let k(s) = -2*s + 4. Suppose 4*r = -6 + 46. Let w = r - 5. Give k(w).
-6
Suppose -3*t = -0*p - 2*p + 27, -2*p - 5*t = -3. Let x(s) = p - 513*s + s**2 + 521*s - 2. Determine x(-6).
-5
Let f(z) = 2*z + 4. Let j = -18 + 22. Let u(g) = -2*g - 5. Let r(i) = j*u(i) + 5*f(i). Determine r(2).
4
Let k(p) be the first derivative of p**3/3 - 7*p**2/2 + 10*p - 67. What is k(6)?
4
Let m(i) = 3*i**2 - i. Let r be m(-1). Suppose 18 - 2 = -r*p. Let h(u) = u**3 + 5*u**2 + 4*u + 3. Give h(p).
3
Let c be ((2 - -1) + -3)/(-1). Let m(k) = -k + 24. Determine m(c).
24
Let k(i) be the third derivative of -i**5/60 - i**4/24 + 2*i**3/3 - i**2. Suppose -207 - 33 = 80*s. Calculate k(s).
-2
Let p(y) = 2*y + 0 - 55*y**2 - 1 + 48*y**2. What is p(1)?
-6
Let j = 311 - 305. Let m(n) = n**3 - 7*n**2 + 7*n - 2. What is m(j)?
4
Let b be (2/3)/(8/(-12)). Let r be (-10)/6*(b - -4). Let n(d) = -5*d**2 - 2 - 5*d**2 + 9*d**2 - 8*d. What is n(r)?
13
Suppose -2*u - 3*b + 23 = 6, 4*b = u + 8. Let w(h) be the third derivative of 0 + 2*h**2 + 1/24*h**u + 1/6*h**3 + 0*h. Calculate w(-5).
-4
Let a(v) be the third derivative of -v**5/60 + v**4/24 - 13*v**3/6 - 4*v**2. Let j(o) be the first derivative of a(o). Calculate j(2).
-3
Let g be ((-70)/40)/((-6)/(-24)). Let n(k) = -k**3 - 8*k**2 - 6*k + 14. Determine n(g).
7
Let w(o) be the first derivative of -o**4/4 + 7*o**3/3 + 13*o**2/2 - 10*o + 744. Give w(8).
30
Let j(r) = -10*r + 3. Let l(u) = 28*u - 10. Let g(f) = -8*j(f) - 3*l(f). Determine g(4).
-10
Suppose 0 = 1165*x - 1160*x - 25. Let h be (-6)/(-2) + (-1 - 0). Let t(z) = 4*z - 4 - h*z + 0*z. Give t(x).
6
Let l(j) = -4*j + 297*j**2 - 593*j**2 + 297*j**2 + 4. Calculate l(4).
4
Suppose 0 = -273*b + 279*b - 12. Let v(r) be the third derivative of -1/24*r**4 + 7/60*r**5 + 0 - 14*r**b + 0*r - 1/6*r**3. Give v(-1).
7
Let o(n) be the first derivative of -n**3/3 - 2*n**2 - 2*n + 2. Let k be (20/8)/(150/(-240)). What is o(k)?
-2
Suppose 0 = s + 22*s. Let x(i) = i**2 - 1. Let t be x(2). Let j(r) = t - 5 - 2 - r. Give j(s).
-4
Suppose 0 = -16*p + 88 + 56. Let u(a) = a - 11. Calculate u(p).
-2
Let q(h) = 3*h + 1. Let b(p) = 48*p - 196. Let g be b(4). Give q(g).
-11
Let p(r) = -r**2 + 5*r - 5. Let i = 53 + -31. Let w = 23 - i. Let n be w/(-3)*(-135)/9. Determine p(n).
-5
Let s(l) = 8*l**3 + 3*l**2 + l. Let b be s(-1). Let f(r) = -2*r**2 - 5*r + 5. Determine f(b).
-37
Let j(q) = 5*q**3 - 9*q**2 - 6*q - 12. Let i(r) = -4*r**3 + 9*r**2 + 6*r + 11. Let n(s) = 6*i(s) + 5*j(s). What is n(-8)?
22
Let l = 66 + -48. Suppose -5*a = 2*u - 27, -l = 2*u - 5*u - 3*a. Let g(v) be the first derivative of 5*v**3/3 - v - 1. Calculate g(u).
4
Let x(a) = 4*a**2 + 60. Let n be x(0). Let y = -68 + n. Let f(q) = -q**3 - 8*q**2 - q + 1. What is f(y)?
9
Let w(v) be the second derivative of -3/2*v**3 - 3/2*v**2 - 2*v + 0 - 1/12*v**4. Give w(-9).
-3
Suppose u + 5*w - 41 = -3*u, -2*w = -u - 6. Let p(x) = -5*x + 2. Let i(k) = -81*k + 33. Let a(f) = -2*i(f) + 33*p(f). Determine a(u).
-12
Let x(u) = -u**2 + 3. Suppose 3*n = n + 10. Suppose 0 = k + n*b + 5 - 18, -4*b + 2 = -2*k. Determine x(k).
-6
Let h(l) = -l - 5*l**2 + 2*l**3 - 1 - l + 3*l**2. Let r(s) = -s**2 - s + 3. Let b be r(2). Let q be 2*(b/2 - 0 - -1). Give h(q).
-3
Let p(q) = -6*q**3 + 31*q**2 - 75*q - 66. Let l(a) = -a**3 + 6*a**2 - 15*a - 13. Let z(o) = 11*l(o) - 2*p(o). Determine z(-6).
7
Let v(i) = 240 - 481 + 240 + i. Let g = -8 + 5. Let o(w) = -2*w + 3. Let d(l) = g*v(l) - o(l). What is d(-5)?
5
Let q(o) be the first derivative of -o**2 + 23*o + 60. Calculate q(-12).
47
Suppose 38*d - 36*d = 2. Let l(t) = -6*t**3 + 1. Give l(d).
-5
Let k = -47 - -51. Let r(f) be the first derivative of -2*f**2 + 4*f - 24. Calculate r(k).
-12
Let k(w) = w**2 + 9*w + 9. Let y be k(-6). Let g = -3 - y. Let j(c) be the second derivative of c**5/20 - c**4/2 + c**3/6 - 7*c**2/2 - 2*c + 4. Calculate j(g).
-1
Let a(b) = -b**3 + b**2 + 3*b - 1. Let l(h) be the third derivative of h**5/60 - h**4/3 - 3*h**3 - 9*h**2. Let c be l(10). Give a(c).
1
Suppose 0 = 3*v - 33*v - 90. Let j(u) = -u**3 - 4*u + 1. What is j(v)?
40
Suppose 5*p = 9*p - 12. Let u(c) = -7 + 2 + 7*c - p*c. Let q(y) = -2*y + 2. Let o(l) = -5*q(l) - 2*u(l). Determine o(1).
2
Let w(c) = -5*c - 1. Let x = 116 + -115. Calculate w(x).
-6
Let w(z) = 4944*z + 16 - 9886*z + 4940*z. Calculate w(7).
2
Suppose 18*f - 16 = -52. Let q(m) = 11*m + 9. Give q(f).
-13
Let b(q) = 19*q**2 - 12. Let d(y) = -7*y**2 + 4. Let x(l) = 3*b(l) + 8*d(l). Give x(2).
0
Let d(q) be the third derivative of -q**4/24 + q**3/6 - 3*q**2 - 5*q. What is d(0)?
1
Let c be 14/2 + -4 + 28/(-16 - -30). Let v(p) be the first derivative of 2*p - 1/2*p**2 + 1. Calculate v(c).
-3
Let f = 5 - 0. Suppose 3 = -2*k + 11, 3*k - 47 = f*p. Let r(n) be the second derivative of -n**4/12 - n**3 + n**2/2 - 12*n - 3. Determine r(p).
-6
Let c be (-1*12/(-1 + 5))/(-3). Let j(k) = -12*k**2 + 7*k - 6. Let v(w) = -w**2 + w - 1. Let y(s) = j(s) - 6*v(s). Calculate y(c).
-5
Let q(t) = -t**3 - 8*t**2 - 8*t - 10. Suppose 7*u + 147 = -14*u. Give q(u).
-3
Let o be 4 - ((-3)/(-9))/((-6)/(-18)). Let k(y) = o*y**2 + 1 - 8*y**3 + 130*y - 132*y - 2*y**3 - y**2. What is k(1)?
-9
Let p(q) = q**2 + 9*q + 13. Suppose 0 = -46*l + 41*l + 10. Suppose 16 = -l*h - 2. Give p(h).
13
Let l(w) = w**3 + 7*w**2 + 6*w + 4. Let y be l(-6). Let t be 2*3*y/(-20)*5. Let k(i) = -i**2 - 8*i - 7. What is k(t)?
5
Suppose 25 = 2*t + 3*w, t + 2*t - w = 10. Suppose -t*h + a + 9 = 0, 0 = 3*h - 4*a - 1 - 1. Let p(z) = z**2 - z + 1. Determine p(h).
3
Let q(g) = 7*g**2 - 1. Let l be q(-1). Let c(v) = 3*v**3 - l*v**2 - 2*v**3 - 3*v + 6 + 2*v**2 + 0. Calculate c(4).
-6
Let h(s) = -s**2 + 2*s + 3. Let i be ((-4)/(-12))/((-2)/12). Let r be h(i). Let y(l) be the first derivative of -l**3/3 - 5*l**2/2 - l + 22. Give y(r).
-1
Let f(a) = 3*a**2 - a - 1. Let h(s) = -5*s - 38. Let d be h(-7). What is f(d)?
29
Let v(p) = -p**2 + 8*p - 2. Suppose 146 = 5*q - 6*r + 2*r, -3*q + 4*r + 94 = 0. Let n = -20 + q. Calculate v(n).
10
Let m(o) = o - 4*o + 2*o + 5. Let z be (0 + (-2)/(-4))/((-3)/(-18)). Suppose p + z*p = -3*n, -3*n = 2*p. Determine m(n).
5
Let m be (-1 - 13) + 8/8 + 0. Let a(w) = -w**2 - 13*w - 6. Determine a(m).
-6
Let r be (20/8 + -2)*10. Suppose -r*c = -3 - 17. Let f(k) = 5*k**2 + 29*k - 20. Let a(x) = 3*x**2 + 19*x - 13. Let p(g) = 8*a(g) - 5*f(g). Give p(c).
8
Let v(z) = z**2 + 2*z + 2. Let a(j) = j**2 - 6*j - 5. Let l(x) = -a(x) - 3*v(x). Give l(-1).
-5
Suppose 3*m + 2 = -4*a - 1, -3*m + 9 = 0. Let n(p) = -p + 4. Let r be n(7). Let u = r + a. Let f(s) = -2*s - 2. Determine f(u).
10
Let x(g) = -3*g**2 + g. Suppose -5*j + 8*j + 12 = 3*k, 0 = -j - 1. Let w(q) = 2*q**2. Let v(n) = k*x(n) + 5*w(n). What is v(-4)?
4
Let i be (-9)/1 + (-332)/(-166). Let u(z) = -z**2 - 10*z - 6. Give u(i).
15
Let i be 4 - (9 - 9) - 6. Let z(u) = -20*u - 1. What is z(i)?
39
Let g(v) = 7*v + 5. Let b(c) = 3*c + 3. Let p(o) = 5*b(o) - 3*g(o). Let u be (-8)/(-28) + 984/(-14). Let k be (-3)/(-7) - u/(-49). Give p(k).
6
Suppose 21*k + 29 = 8. Let u(g) = 7*g**2 - g - 1. Calculate u(k).
7
Let b(h) = h**3 + 14*h**2 + 14*h + 9. Let g be b(-13). Let i(q) be the second derivative of -q**3/6 + q**2/2 + q. What is i(g)?
5
Let r(d) = d**2 - 7*d - 3. Let j(h) = -h**2. Let k(c) = c**3 + c**2 + c + 1. Let z be k(0). Let w = -16 + 18. Let s(x) = w*j(x) + z*r(x). Calculate s(-6).
3
Let w be (-126)/27 + (-6)/(-9). Let a(s) = -s**3 - 5*s**2 - 3*s - 3. Give a(w).
-7
Let q be (-9)/(-24) + (-345)/(-40). Let j(c) = q + 3 + 2*c + 0 - c. Give j(-7).
5
Let t(u) = -u**3 - 10*u**2 - 7*u + 19. Let s be 9/(-2 + -5 + 6). Determine t(s).
1
Let w(i) = -i**3 - 5*i**2 - 4*i - 6. Let k be (-2 - -2) + 4 + 4. Let b(o) = o**3 - 8*o**2 + 4. Let y be b(k). Suppose -6 = y*u + 10. Determine w(u).
-6
Let w(m) = -m**2 - m - 2. Let l = -72 - -42. Let o = l + 30. What is w(o)?
-2
Let z(h) = -h**2 - 3*h - 2. Let m be z(-4). Suppose j - 10 = -5*y + 3*y, 4*y + 20 = 3*j. Let r(g) = 3*g + j + 4*g - 6*g. Calculate r(m).
2
Let s(m) = 4*m**3 - 45*m**2 - 5*m - 12. Let b(v) = v**3 - 11*v**2 - v - 3. Let c(n) = 9*b(n) - 2*s(n). Let z = 165 - 156. Calculate c(z).
6
Let y = 265 + -271. Let v(r) = 5*r + 23. What is v(y)?
-7
Let n(o) = o**3 + 1